 4 (base 14) in base 15?
4
Convert -1 (base 8) to base 4.
-1
What is 7 (base 9) in base 16?
7
What is 3 (base 5) in base 15?
3
-17 (base 13) to base 11
-19
Convert -244 (base 10) to base 8.
-364
Convert 0 (base 9) to base 10.
0
Convert 1 (base 8) to base 3.
1
Convert -20201 (base 3) to base 2.
-10110101
Convert -a (base 13) to base 9.
-11
aa (base 11) to base 7
231
0 (base 13) to base 16
0
-11100 (base 2) to base 16
-1c
What is -10010 (base 3) in base 10?
-84
-11 (base 14) to base 11
-14
What is 1 (base 13) in base 12?
1
Convert -7 (base 13) to base 14.
-7
Convert -9 (base 12) to base 7.
-12
Convert 0 (base 6) to base 10.
0
Convert -1 (base 12) to base 9.
-1
What is 31 (base 16) in base 2?
110001
What is -30 (base 5) in base 11?
-14
10 (base 3) to base 14
3
Convert 2 (base 4) to base 12.
2
What is 3 (base 11) in base 2?
11
Convert -11 (base 2) to base 14.
-3
1 (base 11) to base 9
1
What is -a (base 11) in base 7?
-13
Convert -110 (base 3) to base 15.
-c
What is 115 (base 16) in base 10?
277
What is -13 (base 4) in base 8?
-7
4 (base 14) to base 7
4
-100101 (base 2) to base 10
-37
5 (base 12) to base 9
5
What is 7 (base 9) in base 8?
7
Convert -111 (base 4) to base 11.
-1a
Convert -34 (base 5) to base 10.
-19
8 (base 9) to base 2
1000
What is 220 (base 6) in base 10?
84
2d (base 16) to base 13
36
What is -10 (base 3) in base 4?
-3
-10 (base 3) to base 7
-3
0 (base 15) to base 16
0
What is 12 (base 11) in base 8?
15
16 (base 11) to base 4
101
Convert a (base 12) to base 15.
a
19 (base 13) to base 9
24
Convert -101001 (base 2) to base 8.
-51
0 (base 12) to base 8
0
What is -1010 (base 2) in base 14?
-a
-6 (base 13) to base 7
-6
Convert -10 (base 7) to base 15.
-7
Convert 0 (base 10) to base 9.
0
What is -45 (base 14) in base 16?
-3d
-3 (base 6) to base 11
-3
Convert -65 (base 14) to base 6.
-225
Convert 84 (base 13) to base 6.
300
-20 (base 15) to base 6
-50
Convert 44 (base 5) to base 2.
11000
Convert 26 (base 10) to base 14.
1c
Convert -3c (base 14) to base 8.
-66
Convert 7 (base 12) to base 11.
7
Convert c (base 13) to base 11.
11
What is -6 (base 15) in base 12?
-6
What is -2 (base 11) in base 12?
-2
What is 1 (base 3) in base 2?
1
-1 (base 6) to base 13
-1
32 (base 8) to base 15
1b
-8 (base 11) to base 4
-20
-1111 (base 3) to base 12
-34
What is -4 (base 9) in base 5?
-4
1 (base 14) to base 16
1
What is 113 (base 7) in base 12?
4b
What is 10000 (base 2) in base 14?
12
What is 154 (base 8) in base 11?
99
-51 (base 10) to base 14
-39
What is 31 (base 9) in base 10?
28
What is 2 (base 10) in base 8?
2
What is -10 (base 4) in base 9?
-4
-78 (base 14) to base 2
-1101010
What is 13 (base 13) in base 12?
14
Convert 56 (base 12) to base 8.
102
1 (base 15) to base 13
1
-112 (base 3) to base 11
-13
Convert 17 (base 11) to base 10.
18
Convert -27 (base 9) to base 12.
-21
-10 (base 3) to base 5
-3
What is 11 (base 7) in base 10?
8
12 (base 10) to base 2
1100
-4 (base 12) to base 4
-10
-1 (base 11) to base 5
-1
What is 21 (base 16) in base 10?
33
What is 11101 (base 2) in base 6?
45
Convert -2 (base 5) to base 2.
-10
Convert 4 (base 6) to base 10.
4
What is -2 (base 6) in base 13?
-2
1 (base 9) to base 7
1
-6 (base 7) to base 14
-6
What is 40 (base 7) in base 15?
1d
What is 30 (base 9) in base 4?
123
What is 23 (base 4) in base 9?
12
What is -23 (base 9) in base 5?
-41
Convert 1021 (base 3) to base 5.
114
What is -202 (base 3) in base 5?
-40
d (base 15) to base 7
16
5 (base 12) to base 11
5
Convert -244 (base 5) to base 13.
-59
Convert -1 (base 13) to base 14.
-1
16 (base 10) to base 8
20
13 (base 12) to base 4
33
What is -19 (base 11) in base 4?
-110
What is 4 (base 11) in base 10?
4
-13 (base 12) to base 14
-11
Convert 30 (base 4) to base 8.
14
-121 (base 9) to base 7
-202
-1110010 (base 2) to base 4
-1302
-12 (base 6) to base 11
-8
What is 100 (base 2) in base 10?
4
Convert 2 (base 7) to base 4.
2
What is -35 (base 7) in base 2?
-11010
Convert -22010 (base 3) to base 15.
-e9
Convert 26 (base 12) to base 13.
24
What is -79 (base 10) in base 6?
-211
10 (base 4) to base 6
4
1 (base 16) to base 7
1
0 (base 15) to base 5
0
Convert 16 (base 16) to base 3.
211
What is -3 (base 12) in base 8?
-3
Convert 2 (base 10) to base 6.
2
-10 (base 7) to base 11
-7
-33 (base 5) to base 3
-200
Convert -3 (base 11) to base 2.
-11
215 (base 6) to base 14
5d
-18 (base 12) to base 8
-24
20 (base 3) to base 16
6
2 (base 4) to base 8
2
c5 (base 14) to base 16
ad
Convert -132 (base 4) to base 13.
-24
What is 10 (base 6) in base 12?
6
Convert -1 (base 5) to base 7.
-1
-145 (base 12) to base 9
-238
-24 (base 6) to base 14
-12
What is 8 (base 16) in base 6?
12
-5 (base 14) to base 3
-12
19 (base 16) to base 14
1b
What is ee (base 15) in base 10?
224
17 (base 8) to base 14
11
-3 (base 9) to base 14
-3
Convert 5 (base 10) to base 11.
5
Convert -d (base 14) to base 8.
-15
2102 (base 3) to base 7
122
Convert -a (base 15) to base 9.
-11
-d (base 15) to base 13
-10
5 (base 12) to base 16
5
-19 (base 11) to base 15
-15
-31 (base 13) to base 16
-28
What is 1014 (base 6) in base 3?
22101
What is -5 (base 11) in base 5?
-10
Convert -3 (base 5) to base 9.
-3
-33 (base 11) to base 13
-2a
Convert 1 (base 7) to base 15.
1
What is 1 (base 16) in base 9?
1
What is 211 (base 9) in base 10?
172
Convert 14 (base 14) to base 12.
16
What is 101100 (base 2) in base 13?
35
-12 (base 4) to base 7
-6
-5 (base 10) to base 5
-10
Convert -7 (base 10) to base 11.
-7
Convert -21 (base 16) to base 3.
-1020
What is 21 (base 11) in base 9?
25
-1 (base 6) to base 12
-1
What is -12 (base 7) in base 12?
-9
What is -1 (base 15) in base 7?
-1
What is 20 (base 7) in base 5?
24
What is -21 (base 6) in base 4?
-31
Convert 1002 (base 3) to base 14.
21
What is -101110 (base 2) in base 7?
-64
Convert -1201 (base 4) to base 8.
-141
-4 (base 5) to base 3
-11
197 (base 11) to base 15
102
Convert 42 (base 7) to base 12.
26
Convert 3 (base 10) to base 12.
3
Convert 14 (base 14) to base 15.
13
200 (base 3) to base 9
20
What is -8 (base 13) in base 5?
-13
-141 (base 10) to base 8
-215
4 (base 5) to base 10
4
-10111 (base 2) to base 14
-19
What is 145 (base 7) in base 3?
10001
-111 (base 10) to base 9
-133
What is 11001 (base 2) in base 3?
221
1 (base 12) to base 8
1
What is -a (base 12) in base 16?
-a
Convert -166 (base 12) to base 9.
-266
Convert 1 (base 14) to base 2.
1
Convert -210 (base 5) to base 4.
-313
-10 (base 7) to base 3
-21
What is b2 (base 13) in base 16?
91
Convert -3 (base 12) to base 4.
-3
What is -1244 (base 5) in base 16?
-c7
Convert 2 (base 11) to base 14.
2
What is -48 (base 13) in base 7?
-114
224 (base 7) to base 11
a6
What is -2 (base 13) in base 3?
-2
What is 10110101 (base 2) in base 14?
cd
1 (base 9) to base 13
1
Convert -189 (base 16) to base 15.
-1b3
Convert 11 (base 12) to base 4.
31
What is -2 (base 6) in base 8?
-2
What is -15 (base 6) in base 15?
-b
What is 1340 (base 5) in base 15?
ea
What is -22 (base 8) in base 12?
-16
1 (base 2) to base 15
1
What is 5 (base 13) in base 9?
5
What is 1020 (base 3) in base 16?
21
What is -11 (base 15) in base 4?
-100
Convert -b (base 12) to base 14.
-b
1012 (base 3) to base 14
24
What is -50 (base 6) in base 16?
-1e
Convert -36 (base 16) to base 2.
-110110
What is -14 (base 5) in base 11?
-9
-9 (base 15) to base 4
-21
Convert 543 (base 7) to base 5.
2101
Convert -14 (base 8) to base 4.
-30
-1 (base 10) to base 7
-1
What is 201 (base 9) in base 11?
139
Convert -10 (base 2) to base 7.
-2
What is 113 (base 4) in base 7?
32
Convert -10 (base 5) to base 12.
-5
2032 (base 4) to base 12
ba
What is 2 (base 15) in base 9?
2
Convert 0 (base 4) to base 8.
0
Convert 5 (base 14) to base 13.
5
-17 (base 10) to base 11
-16
146 (base 11) to base 10
171
Convert 10 (base 8) to base 16.
8
Convert -7 (base 16) to base 9.
-7
What is 380 (base 9) in base 12?
223
Convert -11 (base 7) to base 16.
-8
Convert -6 (base 7) to base 8.
-6
Convert -121 (base 3) to base 8.
-20
What is 1000001 (base 2) in base 12?
55
-b (base 16) to base 10
-11
146 (base 8) to base 16
66
What is 13 (base 4) in base 5?
12
Convert -4 (base 12) to base 14.
-4
What is 323 (base 9) in base 8?
410
What is 12202 (base 3) in base 15?
a5
What is -102 (base 3) in base 15?
-b
What is 6 (base 7) in base 2?
110
What is 60